{"id":95,"date":"2020-05-17T18:59:16","date_gmt":"2020-05-17T16:59:16","guid":{"rendered":"https:\/\/demosites.io\/yoga-studio-gb\/?page_id=95"},"modified":"2024-03-15T09:10:59","modified_gmt":"2024-03-15T13:10:59","slug":"quienes_somos","status":"publish","type":"page","link":"https:\/\/yogaensintesismargarita.com\/index.php\/quienes_somos\/","title":{"rendered":"Qui\u00e9nes Somos"},"content":{"rendered":"\n<div id=\"wp-block-themeisle-blocks-advanced-columns-de58857b\" class=\"wp-block-themeisle-blocks-advanced-columns alignfull has-1-columns has-desktop-equal-layout has-tablet-equal-layout has-mobile-equal-layout has-vertical-unset\"><div class=\"wp-block-themeisle-blocks-advanced-columns-overlay\"><\/div><div class=\"innerblocks-wrap\">\n<div id=\"wp-block-themeisle-blocks-advanced-column-f2953736\" class=\"wp-block-themeisle-blocks-advanced-column\"><div class=\"wp-block-image\">\n<figure class=\"aligncenter size-full is-resized\"><img loading=\"lazy\" decoding=\"async\" width=\"512\" height=\"512\" src=\"https:\/\/yogaensintesismargarita.com\/wp-content\/uploads\/2023\/10\/cropped-Diseno-sin-titulo-1.png\" alt=\"\" class=\"wp-image-206\" style=\"width:77px\" srcset=\"https:\/\/yogaensintesismargarita.com\/wp-content\/uploads\/2023\/10\/cropped-Diseno-sin-titulo-1.png 512w, https:\/\/yogaensintesismargarita.com\/wp-content\/uploads\/2023\/10\/cropped-Diseno-sin-titulo-1-300x300.png 300w, https:\/\/yogaensintesismargarita.com\/wp-content\/uploads\/2023\/10\/cropped-Diseno-sin-titulo-1-150x150.png 150w, https:\/\/yogaensintesismargarita.com\/wp-content\/uploads\/2023\/10\/cropped-Diseno-sin-titulo-1-100x100.png 100w, https:\/\/yogaensintesismargarita.com\/wp-content\/uploads\/2023\/10\/cropped-Diseno-sin-titulo-1-270x270.png 270w, https:\/\/yogaensintesismargarita.com\/wp-content\/uploads\/2023\/10\/cropped-Diseno-sin-titulo-1-192x192.png 192w, https:\/\/yogaensintesismargarita.com\/wp-content\/uploads\/2023\/10\/cropped-Diseno-sin-titulo-1-180x180.png 180w, https:\/\/yogaensintesismargarita.com\/wp-content\/uploads\/2023\/10\/cropped-Diseno-sin-titulo-1-32x32.png 32w\" sizes=\"auto, (max-width: 512px) 100vw, 512px\" \/><\/figure>\n<\/div>\n\n\n<h2 id=\"wp-block-themeisle-blocks-advanced-heading-c0b67f5b\" class=\"wp-block-themeisle-blocks-advanced-heading wp-block-themeisle-blocks-advanced-heading-c0b67f5b\">Qui\u00e9nes Somos<\/h2>\n<\/div>\n<\/div><\/div>\n\n\n\n<div id=\"wp-block-themeisle-blocks-advanced-columns-e9cd1f42\" class=\"wp-block-themeisle-blocks-advanced-columns alignfull has-2-columns has-desktop-oneTwo-layout has-tablet-equal-layout has-mobile-collapsedRows-layout has-vertical-center has-light-bg\"><div class=\"wp-block-themeisle-blocks-advanced-columns-overlay\"><\/div><div class=\"innerblocks-wrap\">\n<div id=\"wp-block-themeisle-blocks-advanced-column-0b871236\" class=\"wp-block-themeisle-blocks-advanced-column\">\n<h4 class=\"wp-block-heading has-neve-text-color-color has-text-color\"><strong>Qui\u00e9nes Somos<\/strong><\/h4>\n\n\n\n<h2 class=\"wp-block-heading has-neve-link-color-color has-text-color\"><strong>Somos una comunidad para tu autoconocimiento y transformaci\u00f3n<\/strong><\/h2>\n\n\n\n<p class=\"font_8 wixui-rich-text__text\"><span class=\"wixui-rich-text__text\">El Yoga nos permite desarrollar nuestro potencial y encontrar armon\u00eda con la naturaleza propia y la que nos rodea. <\/span><span style=\"font-family: var(--bodyfontfamily); font-size: var(--bodyfontsize); font-weight: var(--bodyfontweight); letter-spacing: var(--bodyletterspacing); text-transform: var(--bodytexttransform);\">Mas all\u00e1 de la pr\u00e1ctica de asanas, la tradici\u00f3n de esta disciplina milenaria, cuenta con t\u00e9cnicas espec\u00edficas que van desde la alimentaci\u00f3n y limpieza personal; el trabajo corporal y el manejo de nuestra energ\u00eda; el conocimiento de diversas t\u00e9cnicas de respiraci\u00f3n; el desarrollo de nuestras capacidades.<\/span><\/p>\n<p class=\"font_8 wixui-rich-text__text\" style=\"text-align: left;\"><span class=\"wixui-rich-text__text\">La pr\u00e1ctica constante y la aplicaci\u00f3n cotidiana de esta tecnolog\u00eda, nos permite tambi\u00e9n aprender a comunicarnos y superar estados de estr\u00e9s corresponsables, en cierta medida, de enfermedades psicosom\u00e1ticas que padece actualmente la humanidad. <\/span><\/p>\n<p class=\"font_8 wixui-rich-text__text\" style=\"text-align: left;\"><span class=\"wixui-rich-text__text\">Somos una extensi\u00f3n de la Asociaci\u00f3n Internacional de Yoga Yoghismo de M\u00e9xico, dedicada a la difusi\u00f3n, promoci\u00f3n, educaci\u00f3n y pr\u00e1ctica de Yoga desde el a\u00f1o 2015 en la Isla de Margarita, Venezuela.<\/span><\/p>\n<\/div>\n\n\n\n<div id=\"wp-block-themeisle-blocks-advanced-column-58ba5715\" class=\"wp-block-themeisle-blocks-advanced-column\">\n<figure class=\"wp-block-image size-full is-resized\"><img loading=\"lazy\" decoding=\"async\" width=\"2560\" height=\"1707\" src=\"https:\/\/yogaensintesismargarita.com\/wp-content\/uploads\/2023\/10\/Foto-grupal_Propuesta1-1-scaled.jpg\" alt=\"\" class=\"wp-image-436\" style=\"aspect-ratio:1;object-fit:cover;width:533px;height:auto\" srcset=\"https:\/\/yogaensintesismargarita.com\/wp-content\/uploads\/2023\/10\/Foto-grupal_Propuesta1-1-scaled.jpg 2560w, https:\/\/yogaensintesismargarita.com\/wp-content\/uploads\/2023\/10\/Foto-grupal_Propuesta1-1-300x200.jpg 300w, https:\/\/yogaensintesismargarita.com\/wp-content\/uploads\/2023\/10\/Foto-grupal_Propuesta1-1-1024x683.jpg 1024w, https:\/\/yogaensintesismargarita.com\/wp-content\/uploads\/2023\/10\/Foto-grupal_Propuesta1-1-768x512.jpg 768w, https:\/\/yogaensintesismargarita.com\/wp-content\/uploads\/2023\/10\/Foto-grupal_Propuesta1-1-1536x1024.jpg 1536w, https:\/\/yogaensintesismargarita.com\/wp-content\/uploads\/2023\/10\/Foto-grupal_Propuesta1-1-2048x1365.jpg 2048w, https:\/\/yogaensintesismargarita.com\/wp-content\/uploads\/2023\/10\/Foto-grupal_Propuesta1-1-930x620.jpg 930w\" sizes=\"auto, (max-width: 2560px) 100vw, 2560px\" \/><\/figure>\n<\/div>\n<\/div><\/div>\n\n\n\n<div id=\"wp-block-themeisle-blocks-advanced-columns-7f000308\" class=\"wp-block-themeisle-blocks-advanced-columns alignfull has-1-columns has-desktop-equal-layout has-tablet-equal-layout has-mobile-collapsedRows-layout has-vertical-unset has-light-bg\"><div class=\"wp-block-themeisle-blocks-advanced-columns-overlay\"><\/div><div class=\"innerblocks-wrap\">\n<div id=\"wp-block-themeisle-blocks-advanced-column-4876fbb5\" class=\"wp-block-themeisle-blocks-advanced-column\">\n<div id=\"comp-jqxsnlr5\" class=\"KQmfd2\">\n<div id=\"text-content-comp-jqxsnlr5\" class=\"BaOVQ8 tz5f0K comp-jqxsnlr5 wixui-rich-text\" data-testid=\"richTextElement\">\n<div id=\"comp-jqxsn5ha\" class=\"KQmfd2\">\n<div id=\"text-content-comp-jqxsn5ha\" class=\"BaOVQ8 tz5f0K comp-jqxsn5ha wixui-rich-text\" data-testid=\"richTextElement\">\n<h3 class=\"font_2 wixui-rich-text__text\" style=\"text-align: center;\"><strong style=\"color: #008e43; font-family: var(--headingsfontfamily,var(--bodyfontfamily)); font-size: var(--h5fontsize); letter-spacing: var(--h5letterspacing); text-transform: var(--h5texttransform);\"><span class=\"wixui-rich-text__text\">Brindamos la plataforma ideal para convertirte en un practicante experto o certificarte como profesor de Yoga facilit\u00e1ndote programas de formaci\u00f3n y especializaci\u00f3n profesional de 200 hrs y 300 hrs avaladas por Yoga Alliance USA<\/span><\/strong><\/h3>\n<\/div>\n<\/div>\n<\/div>\n<\/div>\n<\/div>\n<\/div><\/div>\n\n\n\n<div id=\"wp-block-themeisle-blocks-advanced-columns-132050af\" class=\"wp-block-themeisle-blocks-advanced-columns alignfull has-2-columns has-desktop-oneTwo-layout has-tablet-equal-layout has-mobile-collapsedRows-layout has-vertical-unset has-vertical-undefined has-light-bg\"><div class=\"wp-block-themeisle-blocks-advanced-columns-overlay\"><\/div><div class=\"innerblocks-wrap\">\n<div id=\"wp-block-themeisle-blocks-advanced-column-f8bd253f\" class=\"wp-block-themeisle-blocks-advanced-column\">\n<figure class=\"wp-block-image size-full is-resized\"><img loading=\"lazy\" decoding=\"async\" width=\"491\" height=\"561\" src=\"https:\/\/yogaensintesismargarita.com\/wp-content\/uploads\/2023\/10\/yoga-en-sintesis-margarita-3.webp\" alt=\"\" class=\"wp-image-526\" style=\"aspect-ratio:1;object-fit:cover;width:570px;height:auto\" srcset=\"https:\/\/yogaensintesismargarita.com\/wp-content\/uploads\/2023\/10\/yoga-en-sintesis-margarita-3.webp 491w, https:\/\/yogaensintesismargarita.com\/wp-content\/uploads\/2023\/10\/yoga-en-sintesis-margarita-3-300x343.webp 300w, https:\/\/yogaensintesismargarita.com\/wp-content\/uploads\/2023\/10\/yoga-en-sintesis-margarita-3-263x300.webp 263w\" sizes=\"auto, (max-width: 491px) 100vw, 491px\" \/><\/figure>\n<\/div>\n\n\n\n<div id=\"wp-block-themeisle-blocks-advanced-column-62ca9b49\" class=\"wp-block-themeisle-blocks-advanced-column\">\n<h2 class=\"wp-block-heading has-neve-link-color-color has-text-color\"><strong>Nuestra Historia<\/strong><\/h2>\n\n\n\n<p class=\"font_8 wixui-rich-text__text\" style=\"text-align: left;\"><span class=\"wixui-rich-text__text\">Con presencia en Argentina, Bolivia, Canad\u00e1, Chile, Colombia, Ecuador, Espa\u00f1a, Estados Unidos, Francia, Italia, M\u00e9xico, Panam\u00e1, Paraguay, Per\u00fa, Portugal, Uruguay y Venezuela; la Asociaci\u00f3n Internacional de Yoga Yoghismo con sede en M\u00e9xico, es la asociaci\u00f3n cultural y educativa m\u00e1s grande de Am\u00e9rica Latina con m\u00e1s de 40 a\u00f1os promoviendo actividades de educaci\u00f3n, capacitaci\u00f3n y vinculaci\u00f3n del yoga, en la que se busca recuperar las aportaciones de diversas escuelas y tradiciones del yoga a lo largo del tiempo.<\/span><\/p>\n<p class=\"font_8 wixui-rich-text__text\" style=\"text-align: left;\"><span class=\"wixui-rich-text__text\"><span class=\"wixGuard wixui-rich-text__text\">\u200b<\/span><\/span><span class=\"wixui-rich-text__text\">Yoga en S\u00edntesis Margarita es una filial de la Asociaci\u00f3n Yoga Yoghismo de M\u00e9xico avalada por Yoga Alliance con las certificaciones RYS-200 y RYS-300.<\/span><\/p>\n<p class=\"font_8 wixui-rich-text__text\" style=\"text-align: left;\"><span class=\"wixui-rich-text__text\"><span class=\"wixGuard wixui-rich-text__text\">\u200b<\/span><\/span><span class=\"wixui-rich-text__text\">Comprometidos con la educaci\u00f3n y difusi\u00f3n del yoga como un camino de bienestar y conciencia, desde septiembre de 2015 impartimos formaciones de yoga en la Isla de Margarita, Venezuela.<\/span><\/p>\n<\/div>\n<\/div><\/div>\n\n\n\n<div id=\"wp-block-themeisle-blocks-advanced-columns-1ebe1b9a\" class=\"wp-block-themeisle-blocks-advanced-columns alignfull has-1-columns has-desktop-equal-layout has-tablet-equal-layout has-mobile-collapsedRows-layout has-vertical-unset has-light-bg\"><div class=\"wp-block-themeisle-blocks-advanced-columns-overlay\"><\/div><div class=\"innerblocks-wrap\">\n<div id=\"wp-block-themeisle-blocks-advanced-column-d20a2dbe\" class=\"wp-block-themeisle-blocks-advanced-column\">\n<div id=\"wp-block-themeisle-blocks-icon-list-9245fd35\" class=\"wp-block-themeisle-blocks-icon-list is-style-horizontal\">\n<div id=\"wp-block-themeisle-blocks-icon-list-item-9520f6f3\" class=\"wp-block-themeisle-blocks-icon-list-item\"><i class=\"fas fa-spa wp-block-themeisle-blocks-icon-list-item-icon-custom\"><\/i><p class=\"wp-block-themeisle-blocks-icon-list-item-content-custom\"><strong>TALLERES DE 12 HORAS CADA MES<\/strong><\/p><\/div>\n\n\n\n<div id=\"wp-block-themeisle-blocks-icon-list-item-0265f4de\" class=\"wp-block-themeisle-blocks-icon-list-item\"><i class=\"fas fa-yin-yang wp-block-themeisle-blocks-icon-list-item-icon-custom\"><\/i><p class=\"wp-block-themeisle-blocks-icon-list-item-content-custom\"><strong>CON UN ENFOQUE EDUCATIVO<\/strong><\/p><\/div>\n\n\n\n<div id=\"wp-block-themeisle-blocks-icon-list-item-f5d9e16a\" class=\"wp-block-themeisle-blocks-icon-list-item\"><i class=\"fas fa-universal-access wp-block-themeisle-blocks-icon-list-item-icon-custom\"><\/i><p class=\"wp-block-themeisle-blocks-icon-list-item-content-custom\"><strong>PARA EL CRECIMIENTO TRANSPERSONAL<\/strong><\/p><\/div>\n<\/div>\n<\/div>\n<\/div><\/div>\n\n\n\n<div id=\"wp-block-themeisle-blocks-advanced-columns-b94a2acf\" class=\"wp-block-themeisle-blocks-advanced-columns alignfull has-2-columns has-desktop-oneTwo-layout has-tablet-equal-layout has-mobile-collapsedRows-layout has-vertical-center has-light-bg\"><div class=\"wp-block-themeisle-blocks-advanced-columns-overlay\"><\/div><div class=\"innerblocks-wrap\">\n<div id=\"wp-block-themeisle-blocks-advanced-column-6501c27a\" class=\"wp-block-themeisle-blocks-advanced-column\">\n<h2 class=\"wp-block-heading has-neve-link-color-color has-text-color\"><strong>Nuestra visi\u00f3n<\/strong><\/h2>\n\n\n\n<p class=\"font_8 wixui-rich-text__text\" style=\"text-align: left;\"><span class=\"wixui-rich-text__text\">Sensibilizar y llevar el conocimiento del Yoga a m\u00e1s personas, es uno de los prop\u00f3sitos de nuestro movimiento cultural.<\/span><\/p>\n<p class=\"font_8 wixui-rich-text__text\" style=\"text-align: left;\"><span class=\"wixui-rich-text__text\"><span class=\"wixGuard wixui-rich-text__text\">\u200b<\/span><\/span><span class=\"wixui-rich-text__text\">Nos mueve el capacitar y dotar a alumnos y practicantes de yoga con elementos te\u00f3ricos y metodol\u00f3gicos para una pr\u00e1ctica avanzada y experta m\u00e1s all\u00e1 de los aspectos netamente psicof\u00edsicos.<\/span><\/p>\n<p class=\"font_8 wixui-rich-text__text\" style=\"text-align: left;\"><span class=\"wixui-rich-text__text\"><span class=\"wixGuard wixui-rich-text__text\">\u200b<\/span><\/span><span class=\"wixui-rich-text__text\">Formamos practicantes expertos y profesores de yoga con 200 horas y 300 horas de capacitaci\u00f3n, para completar las 500 horas de maestr\u00eda<\/span><span style=\"font-family: var(--bodyfontfamily); font-size: var(--bodyfontsize); font-weight: var(--bodyfontweight); letter-spacing: var(--bodyletterspacing); text-transform: var(--bodytexttransform);\">.<\/span><\/p>\n<\/div>\n\n\n\n<div id=\"wp-block-themeisle-blocks-advanced-column-d13b8358\" class=\"wp-block-themeisle-blocks-advanced-column\">\n<figure class=\"wp-block-image size-full is-resized\"><img loading=\"lazy\" decoding=\"async\" width=\"491\" height=\"561\" src=\"https:\/\/yogaensintesismargarita.com\/wp-content\/uploads\/2023\/10\/yoga-en-sintesis-margarita-4.webp\" alt=\"\" class=\"wp-image-540\" style=\"aspect-ratio:1;object-fit:cover;width:474px;height:auto\" srcset=\"https:\/\/yogaensintesismargarita.com\/wp-content\/uploads\/2023\/10\/yoga-en-sintesis-margarita-4.webp 491w, https:\/\/yogaensintesismargarita.com\/wp-content\/uploads\/2023\/10\/yoga-en-sintesis-margarita-4-300x343.webp 300w, https:\/\/yogaensintesismargarita.com\/wp-content\/uploads\/2023\/10\/yoga-en-sintesis-margarita-4-263x300.webp 263w\" sizes=\"auto, (max-width: 491px) 100vw, 491px\" \/><\/figure>\n<\/div>\n<\/div><\/div>\n\n\n\n<div id=\"wp-block-themeisle-blocks-advanced-columns-d05112cd\" class=\"wp-block-themeisle-blocks-advanced-columns alignfull has-3-columns has-desktop-equal-layout has-tablet-equal-layout has-mobile-collapsedRows-layout has-vertical-unset has-light-bg\"><div class=\"wp-block-themeisle-blocks-advanced-columns-overlay\"><\/div><div class=\"innerblocks-wrap\">\n<div id=\"wp-block-themeisle-blocks-advanced-column-6a7ad18d\" class=\"wp-block-themeisle-blocks-advanced-column\"><div class=\"wp-block-image\">\n<figure class=\"aligncenter size-large is-resized\"><img loading=\"lazy\" decoding=\"async\" width=\"1024\" height=\"589\" src=\"https:\/\/yogaensintesismargarita.com\/wp-content\/uploads\/2023\/10\/yoga-en-sintesis-margarita-2-1024x589.webp\" alt=\"\" class=\"wp-image-245\" style=\"aspect-ratio:1;object-fit:cover;width:347px;height:auto\" srcset=\"https:\/\/yogaensintesismargarita.com\/wp-content\/uploads\/2023\/10\/yoga-en-sintesis-margarita-2-1024x589.webp 1024w, https:\/\/yogaensintesismargarita.com\/wp-content\/uploads\/2023\/10\/yoga-en-sintesis-margarita-2-300x173.webp 300w, https:\/\/yogaensintesismargarita.com\/wp-content\/uploads\/2023\/10\/yoga-en-sintesis-margarita-2-768x442.webp 768w, https:\/\/yogaensintesismargarita.com\/wp-content\/uploads\/2023\/10\/yoga-en-sintesis-margarita-2.webp 1080w\" sizes=\"auto, (max-width: 1024px) 100vw, 1024px\" \/><\/figure>\n<\/div><\/div>\n\n\n\n<div id=\"wp-block-themeisle-blocks-advanced-column-1ccd96e3\" class=\"wp-block-themeisle-blocks-advanced-column\"><div class=\"wp-block-image\">\n<figure class=\"aligncenter size-full is-resized\"><img loading=\"lazy\" decoding=\"async\" width=\"491\" height=\"561\" src=\"https:\/\/yogaensintesismargarita.com\/wp-content\/uploads\/2023\/10\/yoga-en-sintesis-margarita-3.webp\" alt=\"\" class=\"wp-image-526\" style=\"aspect-ratio:1;object-fit:contain;width:349px;height:auto\" srcset=\"https:\/\/yogaensintesismargarita.com\/wp-content\/uploads\/2023\/10\/yoga-en-sintesis-margarita-3.webp 491w, https:\/\/yogaensintesismargarita.com\/wp-content\/uploads\/2023\/10\/yoga-en-sintesis-margarita-3-300x343.webp 300w, https:\/\/yogaensintesismargarita.com\/wp-content\/uploads\/2023\/10\/yoga-en-sintesis-margarita-3-263x300.webp 263w\" sizes=\"auto, (max-width: 491px) 100vw, 491px\" \/><\/figure>\n<\/div><\/div>\n\n\n\n<div id=\"wp-block-themeisle-blocks-advanced-column-1e7f19a6\" class=\"wp-block-themeisle-blocks-advanced-column\">\n<figure class=\"wp-block-image size-large is-resized\"><img loading=\"lazy\" decoding=\"async\" width=\"1024\" height=\"768\" src=\"https:\/\/yogaensintesismargarita.com\/wp-content\/uploads\/2023\/10\/IMG_3797-1024x768.jpg\" alt=\"\" class=\"wp-image-433\" style=\"aspect-ratio:1;object-fit:cover;width:348px;height:auto\" srcset=\"https:\/\/yogaensintesismargarita.com\/wp-content\/uploads\/2023\/10\/IMG_3797-1024x768.jpg 1024w, https:\/\/yogaensintesismargarita.com\/wp-content\/uploads\/2023\/10\/IMG_3797-300x225.jpg 300w, https:\/\/yogaensintesismargarita.com\/wp-content\/uploads\/2023\/10\/IMG_3797-768x576.jpg 768w, https:\/\/yogaensintesismargarita.com\/wp-content\/uploads\/2023\/10\/IMG_3797-1536x1152.jpg 1536w, https:\/\/yogaensintesismargarita.com\/wp-content\/uploads\/2023\/10\/IMG_3797-2048x1536.jpg 2048w\" sizes=\"auto, (max-width: 1024px) 100vw, 1024px\" \/><\/figure>\n<\/div>\n<\/div><\/div>\n","protected":false},"excerpt":{"rendered":"","protected":false},"author":1,"featured_media":0,"parent":0,"menu_order":0,"comment_status":"closed","ping_status":"closed","template":"page-templates\/template-pagebuilder-full-width.php","meta":{"neve_meta_sidebar":"full-width","neve_meta_container":"","neve_meta_enable_content_width":"on","neve_meta_content_width":100,"neve_meta_title_alignment":"","neve_meta_author_avatar":"","neve_post_elements_order":"","neve_meta_disable_header":"","neve_meta_disable_footer":"","neve_meta_disable_title":"on","_themeisle_gutenberg_block_has_review":false,"footnotes":""},"class_list":["post-95","page","type-page","status-publish","hentry"],"_links":{"self":[{"href":"https:\/\/yogaensintesismargarita.com\/index.php\/wp-json\/wp\/v2\/pages\/95","targetHints":{"allow":["GET"]}}],"collection":[{"href":"https:\/\/yogaensintesismargarita.com\/index.php\/wp-json\/wp\/v2\/pages"}],"about":[{"href":"https:\/\/yogaensintesismargarita.com\/index.php\/wp-json\/wp\/v2\/types\/page"}],"author":[{"embeddable":true,"href":"https:\/\/yogaensintesismargarita.com\/index.php\/wp-json\/wp\/v2\/users\/1"}],"replies":[{"embeddable":true,"href":"https:\/\/yogaensintesismargarita.com\/index.php\/wp-json\/wp\/v2\/comments?post=95"}],"version-history":[{"count":55,"href":"https:\/\/yogaensintesismargarita.com\/index.php\/wp-json\/wp\/v2\/pages\/95\/revisions"}],"predecessor-version":[{"id":1845,"href":"https:\/\/yogaensintesismargarita.com\/index.php\/wp-json\/wp\/v2\/pages\/95\/revisions\/1845"}],"wp:attachment":[{"href":"https:\/\/yogaensintesismargarita.com\/index.php\/wp-json\/wp\/v2\/media?parent=95"}],"curies":[{"name":"wp","href":"https:\/\/api.w.org\/{rel}","templated":true}]}}