{"id":94,"date":"2020-05-15T20:15:38","date_gmt":"2020-05-15T20:15:38","guid":{"rendered":"https:\/\/demosites.io\/yoga-studio-gb\/?page_id=94"},"modified":"2025-08-22T14:30:12","modified_gmt":"2025-08-22T18:30:12","slug":"84647-home","status":"publish","type":"page","link":"https:\/\/yogaensintesismargarita.com\/","title":{"rendered":"Inicio"},"content":{"rendered":"\n<figure class=\"wp-block-image alignfull size-large\"><a href=\"https:\/\/api.whatsapp.com\/send?phone=584128190109\" target=\"_blank\" rel=\"noreferrer noopener\"><img loading=\"lazy\" decoding=\"async\" width=\"1024\" height=\"576\" src=\"https:\/\/yogaensintesismargarita.com\/wp-content\/uploads\/2023\/10\/YOGA-EN-SINTESIS-MARGARITA-3240-x-1080-px-Website-1024x576.png\" alt=\"\" class=\"wp-image-900\" srcset=\"https:\/\/yogaensintesismargarita.com\/wp-content\/uploads\/2023\/10\/YOGA-EN-SINTESIS-MARGARITA-3240-x-1080-px-Website-1024x576.png 1024w, https:\/\/yogaensintesismargarita.com\/wp-content\/uploads\/2023\/10\/YOGA-EN-SINTESIS-MARGARITA-3240-x-1080-px-Website-300x169.png 300w, https:\/\/yogaensintesismargarita.com\/wp-content\/uploads\/2023\/10\/YOGA-EN-SINTESIS-MARGARITA-3240-x-1080-px-Website-768x432.png 768w, https:\/\/yogaensintesismargarita.com\/wp-content\/uploads\/2023\/10\/YOGA-EN-SINTESIS-MARGARITA-3240-x-1080-px-Website-1536x864.png 1536w, https:\/\/yogaensintesismargarita.com\/wp-content\/uploads\/2023\/10\/YOGA-EN-SINTESIS-MARGARITA-3240-x-1080-px-Website-2048x1151.png 2048w\" sizes=\"auto, (max-width: 1024px) 100vw, 1024px\" \/><\/a><\/figure>\n\n\n\n<div id=\"wp-block-themeisle-blocks-advanced-columns-0d901fb8\" class=\"wp-block-themeisle-blocks-advanced-columns alignfull has-2-columns has-desktop-twoOne-layout has-tablet-equal-layout has-mobile-collapsedRows-layout has-vertical-center has-light-bg\"><div class=\"wp-block-themeisle-blocks-advanced-columns-overlay\"><\/div><div class=\"innerblocks-wrap\">\n<div id=\"wp-block-themeisle-blocks-advanced-column-8d4f5ba0\" class=\"wp-block-themeisle-blocks-advanced-column\">\n<h2 class=\"wp-block-heading has-nv-c-2-color has-text-color\">DESCUBRE EL YOGA PARA TI<\/h2>\n\n\n\n<h1 class=\"wp-block-heading has-neve-link-color-color has-text-color\">PRACTICA Y APRENDE YOGA DESDE LAS BASES <\/h1>\n\n\n\n<h4 class=\"wp-block-heading\">SOMOS UNA COMUNIDAD PARA ACOMPA\u00d1ARTE DURANTE TU CRECIMIENTO<\/h4>\n\n\n\n<h2 class=\"wp-block-heading has-nv-c-2-color has-text-color\" style=\"font-size:42px;font-style:normal;font-weight:800\"><strong>YOGA  .  MEDITACION  .  COMUNIDAD<\/strong><\/h2>\n\n\n\n<p class=\"font_8 wixui-rich-text__text\" style=\"text-align: left;\"><span class=\"wixui-rich-text__text\">El Yoga nos permite desarrollar nuestro potencial y encontrar armon\u00eda con la naturaleza propia y la que nos rodea.\u00a0<\/span><\/p>\n<p class=\"font_8 wixui-rich-text__text\" style=\"text-align: left;\"><span class=\"wixui-rich-text__text\">Mas all\u00e1 de la pr\u00e1ctica de asanas, la tradici\u00f3n de esta disciplina milenaria, cuenta con t\u00e9cnicas espec\u00edficas que van desde la alimentaci\u00f3n y limpieza personal; el trabajo corporal y el manejo de nuestra energ\u00eda; el conocimiento de diversas t\u00e9cnicas de respiraci\u00f3n; el desarrollo de nuestras capacidades&#8230;<\/span><\/p>\n\n\n\n<div class=\"wp-block-buttons is-content-justification-left is-layout-flex wp-container-core-buttons-is-layout-fdcfc74e wp-block-buttons-is-layout-flex\">\n<div class=\"wp-block-button is-style-primary\"><a class=\"wp-block-button__link has-neve-button-color-background-color has-background wp-element-button\" href=\"https:\/\/yogaensintesismargarita.com\/index.php\/quienes_somos\/\" style=\"border-radius:10px\" target=\"_blank\" rel=\"noreferrer noopener\">LEER MAS<\/a><\/div>\n<\/div>\n<\/div>\n\n\n\n<div id=\"wp-block-themeisle-blocks-advanced-column-f2344960\" class=\"wp-block-themeisle-blocks-advanced-column\">\n<figure class=\"wp-block-image size-full is-resized\" id=\"wp-block-themeisle-blocks-image-e843908d\"><img loading=\"lazy\" decoding=\"async\" width=\"491\" height=\"561\" src=\"https:\/\/yogaensintesismargarita.com\/wp-content\/uploads\/2023\/10\/yoga-en-sintesis-margarita-3.webp\" alt=\"\" class=\"wp-image-526\" style=\"aspect-ratio:0.875222816399287;width:580px;height:auto\" srcset=\"https:\/\/yogaensintesismargarita.com\/wp-content\/uploads\/2023\/10\/yoga-en-sintesis-margarita-3.webp 491w, https:\/\/yogaensintesismargarita.com\/wp-content\/uploads\/2023\/10\/yoga-en-sintesis-margarita-3-300x343.webp 300w, https:\/\/yogaensintesismargarita.com\/wp-content\/uploads\/2023\/10\/yoga-en-sintesis-margarita-3-263x300.webp 263w\" sizes=\"auto, (max-width: 491px) 100vw, 491px\" \/><\/figure>\n<\/div>\n<\/div><\/div>\n\n\n\n<div id=\"wp-block-themeisle-blocks-advanced-columns-7ba7d6c5\" class=\"wp-block-themeisle-blocks-advanced-columns alignfull has-1-columns has-desktop-equal-layout has-tablet-equal-layout has-mobile-equal-layout has-vertical-unset has-light-bg\"><div class=\"wp-block-themeisle-blocks-advanced-columns-overlay\"><\/div><div class=\"innerblocks-wrap\">\n<div id=\"wp-block-themeisle-blocks-advanced-column-595d406b\" class=\"wp-block-themeisle-blocks-advanced-column\">\n<h3 class=\"wp-block-heading has-text-align-center has-neve-text-color-color has-text-color\">Programa y gestiona tu pr\u00e1ctica diaria<\/h3>\n\n\n\n<h2 class=\"wp-block-heading has-text-align-center has-neve-link-color-color has-text-color\">Estamos listos para guiar tu camino<\/h2>\n\n\n\n<h3 class=\"wp-block-heading has-text-align-center\">comienza ahora el viaje hacia tu bienestar y gana<\/h3>\n<\/div>\n<\/div><\/div>\n\n\n\n<div id=\"wp-block-themeisle-blocks-advanced-columns-7701d3d7\" class=\"wp-block-themeisle-blocks-advanced-columns alignfull has-3-columns has-desktop-equal-layout has-tablet-equal-layout has-mobile-collapsedRows-layout has-vertical-unset has-light-bg\"><div class=\"wp-block-themeisle-blocks-advanced-columns-overlay\"><\/div><div class=\"innerblocks-wrap\">\n<div id=\"wp-block-themeisle-blocks-advanced-column-13d4f956\" class=\"wp-block-themeisle-blocks-advanced-column has-light-bg\">\n<div class=\"wp-block-themeisle-blocks-service\">\n<div id=\"wp-block-themeisle-blocks-font-awesome-icons-c4bb8156\" class=\"wp-block-themeisle-blocks-font-awesome-icons\"><span class=\"wp-block-themeisle-blocks-font-awesome-icons-container\"><i class=\"fas fa-om\"><\/i><\/span><\/div>\n\n\n\n<h3 class=\"wp-block-heading has-text-align-center\">Salud f\u00edsica <\/h3>\n\n\n\n<p class=\"has-text-align-center\">Yoga es una poderosa herramienta para potenciar tu salud<\/p>\n<\/div>\n<\/div>\n\n\n\n<div id=\"wp-block-themeisle-blocks-advanced-column-6f411ab5\" class=\"wp-block-themeisle-blocks-advanced-column has-light-bg\">\n<div id=\"wp-block-themeisle-blocks-font-awesome-icons-b23f5e28\" class=\"wp-block-themeisle-blocks-font-awesome-icons\"><span class=\"wp-block-themeisle-blocks-font-awesome-icons-container\"><i class=\"fas fa-spa\"><\/i><\/span><\/div>\n\n\n\n<h3 class=\"wp-block-heading has-text-align-center\">Balance emocional <\/h3>\n\n\n\n<p class=\"has-text-align-center\">Yoga contribuye a encontrar el balance de tus emociones<\/p>\n<\/div>\n\n\n\n<div id=\"wp-block-themeisle-blocks-advanced-column-ca5863bc\" class=\"wp-block-themeisle-blocks-advanced-column has-light-bg\">\n<div id=\"wp-block-themeisle-blocks-font-awesome-icons-14d6ba26\" class=\"wp-block-themeisle-blocks-font-awesome-icons\"><span class=\"wp-block-themeisle-blocks-font-awesome-icons-container\"><i class=\"fas fa-om\"><\/i><\/span><\/div>\n\n\n\n<h3 class=\"wp-block-heading has-text-align-center\">Paz mental<\/h3>\n\n\n\n<p class=\"has-text-align-center\">La practica de Yoga contribuye a alcanzar estados de paz<\/p>\n<\/div>\n<\/div><\/div>\n\n\n\n<div id=\"wp-block-themeisle-blocks-advanced-columns-b062e563\" class=\"wp-block-themeisle-blocks-advanced-columns alignfull has-3-columns has-desktop-equal-layout has-tablet-equal-layout has-mobile-collapsedRows-layout has-vertical-unset has-light-bg\"><div class=\"wp-block-themeisle-blocks-advanced-columns-overlay\"><\/div><div class=\"innerblocks-wrap\">\n<div id=\"wp-block-themeisle-blocks-advanced-column-33a3a6aa\" class=\"wp-block-themeisle-blocks-advanced-column has-light-bg\">\n<div class=\"wp-block-themeisle-blocks-service\">\n<div id=\"wp-block-themeisle-blocks-font-awesome-icons-70d519b5\" class=\"wp-block-themeisle-blocks-font-awesome-icons\"><span class=\"wp-block-themeisle-blocks-font-awesome-icons-container\"><i class=\"fas fa-spa\"><\/i><\/span><\/div>\n\n\n\n<h3 class=\"wp-block-heading has-text-align-center\">Disciplina<\/h3>\n\n\n\n<p class=\"has-text-align-center\">La practica de Yoga contribuye a traer disciplina a tus d\u00edas<\/p>\n<\/div>\n<\/div>\n\n\n\n<div id=\"wp-block-themeisle-blocks-advanced-column-f14c98cc\" class=\"wp-block-themeisle-blocks-advanced-column has-light-bg\">\n<div id=\"wp-block-themeisle-blocks-font-awesome-icons-bc2e32d6\" class=\"wp-block-themeisle-blocks-font-awesome-icons\"><span class=\"wp-block-themeisle-blocks-font-awesome-icons-container\"><i class=\"fas fa-om\"><\/i><\/span><\/div>\n\n\n\n<h3 class=\"wp-block-heading has-text-align-center\"> Autoconocimiento <\/h3>\n\n\n\n<p class=\"has-text-align-center\">Yoga es una herramienta para potenciar el autoconocimiento<\/p>\n<\/div>\n\n\n\n<div id=\"wp-block-themeisle-blocks-advanced-column-bc051e8a\" class=\"wp-block-themeisle-blocks-advanced-column has-light-bg\">\n<div id=\"wp-block-themeisle-blocks-font-awesome-icons-9ef8067c\" class=\"wp-block-themeisle-blocks-font-awesome-icons\"><span class=\"wp-block-themeisle-blocks-font-awesome-icons-container\"><i class=\"fas fa-spa\"><\/i><\/span><\/div>\n\n\n\n<h3 class=\"wp-block-heading has-text-align-center\">Desarrollo humano<\/h3>\n\n\n\n<p class=\"has-text-align-center\">La practica disciplinada de Yoga permite tu crecimiento humano y espiritual<\/p>\n<\/div>\n<\/div><\/div>\n\n\n\n<div style=\"height:36px\" aria-hidden=\"true\" class=\"wp-block-spacer\"><\/div>\n\n\n\n<div id=\"wp-block-themeisle-blocks-advanced-columns-c8acd77c\" class=\"wp-block-themeisle-blocks-advanced-columns alignfull has-3-columns has-desktop-equal-layout has-tablet-equal-layout has-mobile-collapsedRows-layout has-vertical-unset has-light-bg\"><div class=\"wp-block-themeisle-blocks-advanced-columns-overlay\"><\/div><div class=\"innerblocks-wrap\">\n<div id=\"wp-block-themeisle-blocks-advanced-column-081b3307\" class=\"wp-block-themeisle-blocks-advanced-column\">\n<h4 class=\"wp-block-heading has-neve-button-color-color has-text-color\"><strong>Testimonios<\/strong><\/h4>\n\n\n\n<h2 class=\"wp-block-heading\">Qu\u00e9 dicen nuestros alumnos egresados<\/h2>\n<\/div>\n\n\n\n<div id=\"wp-block-themeisle-blocks-advanced-column-1e721d0e\" class=\"wp-block-themeisle-blocks-advanced-column\">\n<div id=\"wp-block-themeisle-blocks-icon-list-357421af\" class=\"wp-block-themeisle-blocks-icon-list is-style-horizontal ticss-a34b6785\">\n<div id=\"wp-block-themeisle-blocks-icon-list-item-b9c9a1bc\" class=\"wp-block-themeisle-blocks-icon-list-item\"><i class=\"fas fa-star wp-block-themeisle-blocks-icon-list-item-icon-custom\"><\/i><p class=\"wp-block-themeisle-blocks-icon-list-item-content\">List item 5<\/p><\/div>\n\n\n\n<div id=\"wp-block-themeisle-blocks-icon-list-item-20266b48\" class=\"wp-block-themeisle-blocks-icon-list-item\"><i class=\"fas fa-star wp-block-themeisle-blocks-icon-list-item-icon-custom\"><\/i><p class=\"wp-block-themeisle-blocks-icon-list-item-content\">List item 5<\/p><\/div>\n\n\n\n<div id=\"wp-block-themeisle-blocks-icon-list-item-82a33d51\" class=\"wp-block-themeisle-blocks-icon-list-item\"><i class=\"fas fa-star wp-block-themeisle-blocks-icon-list-item-icon-custom\"><\/i><p class=\"wp-block-themeisle-blocks-icon-list-item-content\">List item 5<\/p><\/div>\n\n\n\n<div id=\"wp-block-themeisle-blocks-icon-list-item-e53b6f4e\" class=\"wp-block-themeisle-blocks-icon-list-item\"><i class=\"fas fa-star wp-block-themeisle-blocks-icon-list-item-icon-custom\"><\/i><p class=\"wp-block-themeisle-blocks-icon-list-item-content\">List item 5<\/p><\/div>\n\n\n\n<div id=\"wp-block-themeisle-blocks-icon-list-item-017b71d0\" class=\"wp-block-themeisle-blocks-icon-list-item\"><i class=\"fas fa-star wp-block-themeisle-blocks-icon-list-item-icon-custom\"><\/i><p class=\"wp-block-themeisle-blocks-icon-list-item-content\">List item 5<\/p><\/div>\n<\/div>\n\n\n\n<p class=\"font_8 wixui-rich-text__text\"><em><span class=\"wixui-rich-text__text\">\u00abHoy mi maestra\u00a0<a class=\"wixui-rich-text__text\" href=\"https:\/\/www.instagram.com\/leonorvilla_yoga\/\" target=\"_blank\" rel=\"noopener\">@leonorvilla_yoga<\/a> nos pregunt\u00f3 que es para ti Meditar, y esto escrib\u00ed: \u00a0Es no estar y estar; es el vac\u00edo donde suavemente sin darte cuenta flotas o caes sin llegar al fondo y en donde el tiempo no existe&#8230;\u00a0<\/span><span class=\"wixui-rich-text__text\">Gracias a los maestros y gu\u00edas por permitirme estar en este camino.\u00bb<\/span><\/em><\/p>\n<p class=\"font_8 wixui-rich-text__text\"><strong><span class=\"wixui-rich-text__text\"><span class=\"wixGuard wixui-rich-text__text\">\u200b<\/span><\/span><span class=\"wixui-rich-text__text\">Haydee Figueredo<\/span><\/strong><\/p>\n<\/div>\n\n\n\n<div id=\"wp-block-themeisle-blocks-advanced-column-fd0c232e\" class=\"wp-block-themeisle-blocks-advanced-column\">\n<div id=\"wp-block-themeisle-blocks-icon-list-c410d88c\" class=\"wp-block-themeisle-blocks-icon-list is-style-horizontal ticss-a34b6785\">\n<div id=\"wp-block-themeisle-blocks-icon-list-item-b9d254a3\" class=\"wp-block-themeisle-blocks-icon-list-item\"><i class=\"fas fa-star wp-block-themeisle-blocks-icon-list-item-icon-custom\"><\/i><p class=\"wp-block-themeisle-blocks-icon-list-item-content\">List item 5<\/p><\/div>\n\n\n\n<div id=\"wp-block-themeisle-blocks-icon-list-item-0f35c085\" class=\"wp-block-themeisle-blocks-icon-list-item\"><i class=\"fas fa-star wp-block-themeisle-blocks-icon-list-item-icon-custom\"><\/i><p class=\"wp-block-themeisle-blocks-icon-list-item-content\">List item 5<\/p><\/div>\n\n\n\n<div id=\"wp-block-themeisle-blocks-icon-list-item-5387c4e8\" class=\"wp-block-themeisle-blocks-icon-list-item\"><i class=\"fas fa-star wp-block-themeisle-blocks-icon-list-item-icon-custom\"><\/i><p class=\"wp-block-themeisle-blocks-icon-list-item-content\">List item 5<\/p><\/div>\n\n\n\n<div id=\"wp-block-themeisle-blocks-icon-list-item-92a50505\" class=\"wp-block-themeisle-blocks-icon-list-item\"><i class=\"fas fa-star wp-block-themeisle-blocks-icon-list-item-icon-custom\"><\/i><p class=\"wp-block-themeisle-blocks-icon-list-item-content\">List item 5<\/p><\/div>\n\n\n\n<div id=\"wp-block-themeisle-blocks-icon-list-item-ce813b4b\" class=\"wp-block-themeisle-blocks-icon-list-item\"><i class=\"fas fa-star wp-block-themeisle-blocks-icon-list-item-icon-custom\"><\/i><p class=\"wp-block-themeisle-blocks-icon-list-item-content\">List item 5<\/p><\/div>\n<\/div>\n\n\n\n<p class=\"font_8 wixui-rich-text__text\"><span class=\"wixui-rich-text__text\"><em>\u00ab&#8230;esa<\/em> sensaci\u00f3n de estar terminando solo el comienzo es \u00fanico. <\/span><\/p>\n<p class=\"font_8 wixui-rich-text__text\"><span class=\"wixui-rich-text__text\">Este taller fue mi pen\u00faltimo para culminar la primera faceta de este hermoso recorrido, sabiendo perfectamente que ahora es cuando queda por aprender. \u00ab<\/span><\/p>\n<p class=\"font_8 wixui-rich-text__text\"><b>Yoleitza Castro<\/b><\/p>\n<\/div>\n<\/div><\/div>\n\n\n\n<div id=\"wp-block-themeisle-blocks-advanced-columns-4b23d2a7\" class=\"wp-block-themeisle-blocks-advanced-columns alignfull has-1-columns has-desktop-equal-layout has-tablet-equal-layout has-mobile-equal-layout has-vertical-center\"><div class=\"wp-block-themeisle-blocks-advanced-columns-overlay\"><\/div><div class=\"innerblocks-wrap\">\n<div id=\"wp-block-themeisle-blocks-advanced-column-bb15f75a\" class=\"wp-block-themeisle-blocks-advanced-column\">\n<div style=\"height:106px\" aria-hidden=\"true\" class=\"wp-block-spacer\"><\/div>\n\n\n\n<div style=\"height:111px\" aria-hidden=\"true\" class=\"wp-block-spacer\"><\/div>\n\n\n\n<div class=\"wp-block-columns is-layout-flex wp-container-core-columns-is-layout-9d6595d7 wp-block-columns-is-layout-flex\">\n<div class=\"wp-block-column is-layout-flow wp-block-column-is-layout-flow\" style=\"flex-basis:100%\">\n<div class=\"wp-block-buttons alignwide is-horizontal is-content-justification-center is-layout-flex wp-container-core-buttons-is-layout-9393892f wp-block-buttons-is-layout-flex\">\n<div class=\"wp-block-button has-custom-width wp-block-button__width-50 is-style-primary\"><a class=\"wp-block-button__link has-neve-btn-bg-hover-background-color has-background has-text-align-center wp-element-button\" href=\"https:\/\/api.whatsapp.com\/send?phone=584128190109\" style=\"border-radius:10px\" rel=\"I want to join for a free course\">UNETE A NUESTRA COMUNIDAD<\/a><\/div>\n<\/div>\n<\/div>\n<\/div>\n<\/div>\n<\/div><\/div>\n\n\n\n<div id=\"wp-block-themeisle-blocks-popup-5fed9191\" class=\"wp-block-themeisle-blocks-popup is-front has-light-bg\" data-dismiss=\"\" data-time=\"0\" data-anchor=\"\" data-offset=\"\" data-outside=\"true\" data-anchorclose=\"\"><div class=\"otter-popup__modal_wrap\"><div role=\"presentation\" class=\"otter-popup__modal_wrap_overlay\"><\/div><div class=\"otter-popup__modal_content\"><div class=\"otter-popup__modal_header\"><button type=\"button\" class=\"components-button has-icon\"><svg width=\"24\" height=\"24\" xmlns=\"http:\/\/www.w3.org\/2000\/svg\" viewBox=\"0 0 24 24\" role=\"img\" aria-hidden=\"true\"><path d=\"M12 13.06l3.712 3.713 1.061-1.06L13.061 12l3.712-3.712-1.06-1.06L12 10.938 8.288 7.227l-1.061 1.06L10.939 12l-3.712 3.712 1.06 1.061L12 13.061z\"><\/path><\/svg><\/button><\/div><div class=\"otter-popup__modal_body\">\n<p><\/p>\n\n\n\n<p class=\"has-text-align-center\" style=\"font-size:16px\">pr\u00f3ximo <strong>DIPLOMADO EN LINEA <\/strong>27 y 28 de septiembre<\/p>\n\n\n<div class=\"wp-block-image\">\n<figure class=\"aligncenter size-large is-resized\" id=\"wp-block-themeisle-blocks-image-607c4903\"><img loading=\"lazy\" decoding=\"async\" width=\"823\" height=\"1024\" src=\"https:\/\/yogaensintesismargarita.com\/wp-content\/uploads\/2025\/08\/WhatsApp-Image-2025-08-07-at-11.54.23-AM-823x1024.jpeg\" alt=\"\" class=\"wp-image-1899\" style=\"width:248px;height:auto\" srcset=\"https:\/\/yogaensintesismargarita.com\/wp-content\/uploads\/2025\/08\/WhatsApp-Image-2025-08-07-at-11.54.23-AM-823x1024.jpeg 823w, https:\/\/yogaensintesismargarita.com\/wp-content\/uploads\/2025\/08\/WhatsApp-Image-2025-08-07-at-11.54.23-AM-241x300.jpeg 241w, https:\/\/yogaensintesismargarita.com\/wp-content\/uploads\/2025\/08\/WhatsApp-Image-2025-08-07-at-11.54.23-AM-768x956.jpeg 768w, https:\/\/yogaensintesismargarita.com\/wp-content\/uploads\/2025\/08\/WhatsApp-Image-2025-08-07-at-11.54.23-AM-300x373.jpeg 300w, https:\/\/yogaensintesismargarita.com\/wp-content\/uploads\/2025\/08\/WhatsApp-Image-2025-08-07-at-11.54.23-AM.jpeg 868w\" sizes=\"auto, (max-width: 823px) 100vw, 823px\" \/><\/figure>\n<\/div>\n\n\n<div style=\"height:21px\" aria-hidden=\"true\" class=\"wp-block-spacer\"><\/div>\n\n\n\n<div class=\"wp-block-buttons has-custom-font-size is-horizontal is-content-justification-center is-layout-flex wp-container-core-buttons-is-layout-c918e5cc wp-block-buttons-is-layout-flex\" style=\"font-size:15px\">\n<div class=\"wp-block-button has-custom-width wp-block-button__width-50 is-style-primary\"><a class=\"wp-block-button__link has-custom-font-size wp-element-button\" href=\"http:\/\/margaritayogaensintesis.systeme.io\/diplomado-online-page\" style=\"border-radius:100px;font-size:9px\" target=\"_blank\" rel=\"noreferrer noopener\">INFORMACI\u00d3N<\/a><\/div>\n<\/div>\n\n\n\n<div style=\"height:21px\" aria-hidden=\"true\" class=\"wp-block-spacer\"><\/div>\n<\/div><\/div><\/div><\/div>\n","protected":false},"excerpt":{"rendered":"","protected":false},"author":1,"featured_media":0,"parent":0,"menu_order":0,"comment_status":"closed","ping_status":"closed","template":"page-templates\/template-pagebuilder-full-width.php","meta":{"neve_meta_sidebar":"full-width","neve_meta_container":"","neve_meta_enable_content_width":"on","neve_meta_content_width":100,"neve_meta_title_alignment":"","neve_meta_author_avatar":"","neve_post_elements_order":"","neve_meta_disable_header":"off","neve_meta_disable_footer":"","neve_meta_disable_title":"off","_themeisle_gutenberg_block_has_review":false,"footnotes":""},"class_list":["post-94","page","type-page","status-publish","hentry"],"_links":{"self":[{"href":"https:\/\/yogaensintesismargarita.com\/index.php\/wp-json\/wp\/v2\/pages\/94","targetHints":{"allow":["GET"]}}],"collection":[{"href":"https:\/\/yogaensintesismargarita.com\/index.php\/wp-json\/wp\/v2\/pages"}],"about":[{"href":"https:\/\/yogaensintesismargarita.com\/index.php\/wp-json\/wp\/v2\/types\/page"}],"author":[{"embeddable":true,"href":"https:\/\/yogaensintesismargarita.com\/index.php\/wp-json\/wp\/v2\/users\/1"}],"replies":[{"embeddable":true,"href":"https:\/\/yogaensintesismargarita.com\/index.php\/wp-json\/wp\/v2\/comments?post=94"}],"version-history":[{"count":268,"href":"https:\/\/yogaensintesismargarita.com\/index.php\/wp-json\/wp\/v2\/pages\/94\/revisions"}],"predecessor-version":[{"id":1911,"href":"https:\/\/yogaensintesismargarita.com\/index.php\/wp-json\/wp\/v2\/pages\/94\/revisions\/1911"}],"wp:attachment":[{"href":"https:\/\/yogaensintesismargarita.com\/index.php\/wp-json\/wp\/v2\/media?parent=94"}],"curies":[{"name":"wp","href":"https:\/\/api.w.org\/{rel}","templated":true}]}}